).
4
Let w(b) = 22*b + 651. Give w(-32).
-53
Let h(d) = 20*d**2 - 900*d - 4. Determine h(45).
-4
Let f(n) = 12*n**3 + 7*n**2 - 3*n - 3. Give f(2).
115
Let d(l) = -1061*l - 13. What is d(0)?
-13
Let t(x) = -94*x - 1394. Determine t(-15).
16
Let b(t) = -18*t + 717. What is b(40)?
-3
Let a(i) = -i**3 - 20*i**2 - 30*i - 50. Determine a(-18).
-158
Let s(x) = x**3 + 4*x**2 - 2*x + 48. Give s(-5).
33
Let o(y) = y**2 - 168*y + 116. Calculate o(0).
116
Let p(l) = -2*l**3 - 110*l**2 - 400*l + 400. Give p(-51).
-8
Let n(z) = z**3 - 15*z**2 - 185*z - 2. What is n(-8)?
6
Let n(c) = 3*c**2 - 60*c - 68. What is n(21)?
-5
Let u(v) = -4*v**2 + 102*v - 368. What is u(3)?
-98
Let w(y) = -y**3 - 85*y**2 - 543*y + 154. Give w(-78).
-80
Let c(g) = -g**3 + 8*g - 45. Determine c(4).
-77
Let j(y) = -34*y**2 - 9*y - 19. Calculate j(-2).
-137
Let b(k) = 38*k + 1228. What is b(-33)?
-26
Let v(k) = -22*k**2 + 14*k - 12. What is v(1)?
-20
Let r(c) = -19*c + 23. What is r(-9)?
194
Let s(g) = -g**3 + 29*g**2 + 2*g + 155. Determine s(29).
213
Let u(l) = -l**2 + 11*l + 179. Calculate u(-9).
-1
Let h(b) = 7*b**3 - 50*b**2 - 12*b + 23. Give h(7).
-110
Let x(b) = b**3 - 77*b**2 + 492*b - 138. Determine x(70).
2
Let t(o) = -8*o**2 - 192*o - 765. Determine t(-4).
-125
Let g(j) = 70*j - 892. What is g(13)?
18
Let c(z) = 4108*z - 45198. What is c(11)?
-10
Let a(i) = -3*i**2 - 375*i + 9214. Calculate a(-146).
16
Let m(w) = -11*w - 284. Determine m(-29).
35
Let i(t) = -863*t**2 + 102*t - 103. What is i(1)?
-864
Let p(m) = m**3 + 6*m**2 - 100*m + 151. Determine p(-14).
-17
Let u(d) = -271*d - 1802. Calculate u(-8).
366
Let j(s) = -6*s - 345. Determine j(-46).
-69
Let c(u) = -u**3 - 14*u**2 + 147*u + 1977. What is c(-15)?
-3
Let k(x) = -13*x**3 + 5*x**2 + 9*x + 38. Determine k(-4).
914
Let a(q) = -7*q**2 - 201*q + 2695. What is a(10)?
-15
Let b(l) = -l**2 + 10*l + 147. Determine b(20).
-53
Let o(r) = -3*r**3 - 11*r**2 - 4*r - 22. What is o(-4)?
10
Let n(f) = 9*f**2 - 198*f + 1071. Give n(5).
306
Let k(m) = -209*m + 1. What is k(1)?
-208
Let d(r) = -r**2 + 16*r + 1240. What is d(44)?
8
Let u(l) = -131*l + 1471. Calculate u(12).
-101
Let z(v) = v**2 + 11*v + 11. Determine z(-3).
-13
Let c(z) = 158*z + 1241. Calculate c(-8).
-23
Let x(d) = -d**3 - 16*d**2 + 26*d + 228. What is x(-15)?
-387
Let m(p) = -156*p - 1086. Determine m(-8).
162
Let b(u) = -2*u**3 - 21*u**2 - 10*u - 87. Determine b(-6).
-351
Let q(l) = 199*l**3 - 3*l**2 + 51*l + 53. Determine q(-1).
-200
Let n(z) = -4*z**2 + 2*z - 68. Determine n(0).
-68
Let g(t) = 106*t + 89. What is g(-1)?
-17
Let a(x) = 3*x**2 + 144*x - 343. Calculate a(-50).
-43
Let z(h) = -60*h - 2564. Give z(-43).
16
Let c(m) = m**3 - 9*m**2 + 14*m + 16. Give c(3).
4
Let s(z) = z**3 - 25*z**2 - 837*z - 18. Determine s(-19).
1
Let t(y) = 3*y**2 - 66*y + 364. Determine t(10).
4
Let r(l) = -l**3 + 8*l**2 - 70*l - 313. Give r(-3).
-4
Let f(g) = -g**3 + 29*g**2 + 210*g - 6136. What is f(29)?
-46
Let g(p) = -2*p**2 + 622*p - 16352. Give g(29).
4
Let g(p) = -p**2 + 166*p - 802. Give g(5).
3
Let f(b) = 40*b**3 + 7*b**2 + 2*b - 1. Determine f(2).
351
Let g(c) = -9*c**2 - 365*c - 564. Calculate g(-39).
-18
Let l(y) = y**3 + 5*y**2 - 10*y + 30. Determine l(-9).
-204
Let j(n) = -n**2 + 9*n + 82. Give j(-8).
-54
Let c(y) = 62*y - 4819. Give c(78).
17
Let t(q) = 342*q - 918. Calculate t(3).
108
Let b(a) = a**3 + 17*a**2 + 48*a + 81. What is b(-12)?
225
Let q(m) = m**2 + 21564*m + 172460. Determine q(-8).
12
Let d(m) = m**2 + 129*m - 27346. Determine d(113).
0
Let r(q) = 1201*q + 7208. Determine r(-6).
2
Let v(d) = d**3 + 23*d**2 + 6*d - 349. Give v(-22).
3
Let x(j) = 21704*j - 21710. Determine x(1).
-6
Let m(o) = o**3 + 28*o**2 - 95*o - 31. Calculate m(-31).
31
Let q(x) = x**2 + 118*x + 3471. What is q(-61)?
-6
Let l(m) = 61*m + 1390. Determine l(-23).
-13
Let o(f) = -2*f**2 - 117*f - 881. Give o(-9).
10
Let j(b) = -b**3 + 7*b**2 + 6*b - 15. What is j(9)?
-123
Let p(q) = 245*q - 1991. What is p(8)?
-31
Let l(d) = -376*d - 6045. Give l(-16).
-29
Let z(f) = 2*f**2 - 185*f + 960. Give z(87).
3
Let t(q) = q**3 + 10*q**2 - 32*q - 353. Calculate t(-10).
-33
Let w(c) = 2*c**3 + 12*c**2 + 8*c - 14. Determine w(-5).
-4
Let h(p) = p - 289. Determine h(-4).
-293
Let n(b) = 215*b + 21. Determine n(-3).
-624
Let b(n) = -n**3 + 45*n**2 - 33*n + 3627. Give b(46).
-7
Let g(q) = -6*q**2 + 17*q + 63. Give g(-5).
-172
Let u(d) = -1189*d - 1186. Calculate u(-1).
3
Let o(x) = 6*x**2 - 40*x. Give o(9).
126
Let m(j) = -5*j**3 - 162*j**2 - 8*j + 1798. What is m(-32)?
6
Let s(g) = -13*g**2 - 12*g + 5. What is s(-3)?
-76
Let k(h) = -2*h**3 + 11*h**2 + 7*h - 6. Determine k(2).
36
Let a(c) = -4*c**3 + 357*c**2 - 73*c - 1427. Give a(89).
-3
Let p(g) = -2*g**3 + 430*g**2 + 44233*g + 71. Determine p(-76).
-5
Let n(o) = o**2 - 33*o - 342. Determine n(-8).
-14
Let g(h) = -h**2 - 555*h - 10188. Determine g(-19).
-4
Let v(w) = -w**3 - 9*w**2 + 9*w - 2. Determine v(-10).
8
Let q(o) = 92*o - 244. Give q(3).
32
Let t(z) = -z**3 + 42*z**2 - 148*z - 163. Determine t(38).
-11
Let b(k) = -59*k - 362. Determine b(-5).
-67
Let t(h) = 48*h**2 + 16*h - 30. Determine t(2).
194
Let p(t) = 3*t**2 - 106*t + 551. Calculate p(7).
-44
Let f(o) = -o**2 - 10*o - 6. Calculate f(9).
-177
Let z(d) = -4*d**2 - 2*d + 3. What is z(2)?
-17
Let d(a) = a**2 - 1839*a + 3671. Determine d(2).
-3
Let o(g) = g**2 + 178*g + 525. Give o(-3).
0
Let z(w) = -2*w**2 + 165*w - 1007. Determine z(76).
-19
Let b(z) = 5*z - 278. Determine b(39).
-83
Let s(h) = 3*h**3 - 175*h**2 - 119*h + 25. Give s(59).
-34
Let r(b) = 14*b - 450. Determine r(31).
-16
Let j(m) = 70*m - 714. Determine j(10).
-14
Let s(c) = c**2 - 29*c - 161. Calculate s(34).
9
Let t(z) = z**3 + 17*z**2 - 2*z + 90. What is t(-17)?
124
Let g(x) = x**2 + 116*x + 447. Give g(-4).
-1
Let v(m) = 6*m**2 - 91*m + 305. What is v(9)?
-28
Let d(n) = -n**3 + 92*n**2 + 89*n + 346. Determine d(93).
-26
Let k(y) = 23*y - 650. What is k(28)?
-6
Let t(a) = -2*a**2 + 178*a + 584. What is t(93)?
-160
Let n(p) = 82*p**2 + 1387*p - 108. What is n(-17)?
11
Let f(i) = i**3 - 63*i**2 + 146*i - 1632. Determine f(61).
-168
Let b(g) = -2*g**3 + 20*g**2 - 12*g + 1. Calculate b(9).
55
Let w(k) = 2*k**3 + 28*k**2 + 30*k + 32. Calculate w(-13).
-20
Let r(v) = -2085*v - 8375. Determine r(-4).
-35
Let r(c) = -c**2 + 143*c + 2737. What is r(-17)?
17
Let z(y) = y**3 - 6*y**2 + y - 74. Calculate z(7).
-18
Let h(u) = -38*u - 956. What is h(-25)?
-6
Let q(m) = 16*m**2 - 150*m + 58. What is q(9)?
4
Let w(r) = -53*r + 261. Give w(4).
49
Let i(s) = -39*s + 2852. Determine i(73).
5
Let v(g) = -g**3 + 251*g - 89. What is v(-16)?
-9
Let x(j) = 2*j**3 + 10*j**2 + 28*j + 34. Determine x(-4).
-46
Let j(o) = 5*o**2 - 976*o - 3954. Give j(-4).
30
Let g(d) = d**3 + 16*d**2 - 3*d - 264. Calculate g(-15).
6
Let n(j) = 27*j - 1333. Calculate n(50).
17
Let r(y) = 3*y**3 - 86*y**2 - 14*y - 438. Calculate r(29).
-3
Let x(i) = 2*i**3 + 32*i**2 - 2*i - 47. Give x(-16).
-15
Let d(f) = -f**2 + 71*f - 347. What is d(69)?
-209
Let i(g) = 3*g**3 - 223*g**2 + 290*g + 182. What is i(73)?
36
Let j(i) = 32*i + 373. What is j(-12)?
-11
Let u(d) = -d**3 - 79*d**2 - 5*d - 650. Calculate u(-79).
-255
Let l(v) = -4*v**2 + 23*v + 10. Determine l(8).
-62
Let x(i) = 29*i**2 - 163*i + 87. Calculate x(5).
-3
Let b(h) = -h**3 + 42*h**2 - 78*h - 80. Give b(40).
0
Let x(o) = 71*o**2 + 345*o - 48. Determine x(-5).
2
Let t(d) = -71*d - 1593. Calculate t(-24).
111
Let j(m) = -609*m + 9086. What is j(15)?
-49
Let u(a) = 884*a - 4414. Determine u(5).
6
Let p(q) = -31*q**3 + 376*q**2 - 55*q + 25. Calculate p(12).
-59
Let m(b) = -b - 87. Determine m(-46).
-41
Let i(w) = 26*w + 3516. Calculate i(-135).
6
Let u(m) = 973*m**2 - 7783*m - 6. Calculate u(8).
2
Let c(g) = 62*g - 306. What is c(7)?
128
Let j(p) = 3059*p + 18407. What is j(-6)?
53
Let x(l) = 504*l - 17629. What is x(35)?
11
Let o(v) = -19*v + 329. What is o(5)?
234
Let d(b) = -6*b**2 + 3104*b - 25455. Determine d(509).
-5
Let t(m) = -2*m**3 - 61*m**2 + 29*m - 65. What is t(-31)?
-3
Let v(z) = -49*z + 343. Give v(6).
49
Let r(y) = 15*y - 108. Give r(7).
-3
Let q(u) = 2*u**2 - 200*u - 609. Determine q(-3).
9
Let l(u) = -u**2 + 847*u - 2528. Determine l(3).
4
Let z(r) = r**3 + 46*r + 82. Determine z(-2).
-18
Let r